at is b(-3)?
-81
Let i(p) = -27*p + 159. Give i(7).
-30
Let j(p) = 205*p + 924. Give j(-5).
-101
Let m(d) = -d**3 + 13*d**2 - 40*d + 13. Determine m(5).
13
Let b(a) = 68*a + 411. What is b(-6)?
3
Let f(c) = -57*c + 1592. What is f(27)?
53
Let d(x) = 1873*x - 56182. Determine d(30).
8
Let u(t) = 112*t - 52. Determine u(-7).
-836
Let z(g) = 14*g**2 - 138*g + 37. What is z(10)?
57
Let g(n) = -7*n**3 + 123*n**2 + 47*n + 134. What is g(18)?
8
Let n(s) = 43*s + 176. Give n(-6).
-82
Let n(l) = -l**2 - 410*l - 11045. Give n(-29).
4
Let i(h) = 129*h**3 - 6*h**2 + 3*h + 3. Give i(1).
129
Let l(n) = 3*n**3 + 8*n**2 - 13*n - 1. Determine l(3).
113
Let d(y) = -4*y**3 + 25*y**2 - 23*y - 5. Determine d(5).
5
Let r(g) = -26*g**2 + 4*g - 2. Give r(-3).
-248
Let f(v) = 5*v**2 + 12*v + 28. Give f(-4).
60
Let j(z) = 2*z**3 + 55*z**2 - 21*z + 94. Calculate j(-28).
-102
Let a(c) = c**2 + c - 107. Determine a(-10).
-17
Let t(d) = -d**3 + 26*d**2 - 45*d - 107. What is t(23)?
445
Let j(f) = 151*f + 291. Determine j(-2).
-11
Let x(z) = z**3 + 36*z**2 + 100*z + 1083. What is x(-34)?
-5
Let l(z) = -50*z - 1443. What is l(-29)?
7
Let h(i) = 15*i**2 + 371*i - 79. What is h(-25)?
21
Let r(g) = 112*g - 4252. What is r(38)?
4
Let u(r) = -2*r**3 - 13*r**2 + r + 71. Determine u(-6).
29
Let u(k) = 2*k**2 - 117*k + 271. Give u(56).
-9
Let w(l) = -4*l**2 + 78*l - 374. Give w(11).
0
Let q(h) = 33*h**3 - 4*h**2 + h + 2. What is q(1)?
32
Let y(r) = r**3 + 9*r**2 + 17*r + 82. Calculate y(-8).
10
Let d(o) = -o**3 + 9*o**2 - 32*o + 63. Calculate d(4).
15
Let a(f) = f**3 + 368*f**2 - 3395*f + 11. Calculate a(9).
-7
Let q(s) = -2*s**3 + 60*s**2 + 133*s - 150. Calculate q(32).
10
Let a(v) = 4*v**3 + 134*v**2 + 37*v - 866. Give a(-33).
91
Let n(d) = -d**2 + 22*d - 36. Give n(20).
4
Let o(u) = 21*u**2 + 517*u + 1200. Determine o(-22).
-10
Let j(w) = w**3 - 5*w**2 + 23*w - 12. Calculate j(6).
162
Let n(g) = 98*g - 3797. Give n(39).
25
Let t(k) = -3*k**3 + 287*k**2 + 1606*k + 1019. Determine t(101).
9
Let y(v) = -38*v**3 - 2*v**2 - 2*v + 2. Determine y(-2).
302
Let j(u) = -888*u - 917. What is j(-1)?
-29
Let w(p) = -2*p - 82. Calculate w(-27).
-28
Let d(s) = -25*s**2 + 17*s + 52. What is d(-3)?
-224
Let f(z) = 153*z + 7734. Give f(-50).
84
Let h(p) = 201*p - 1602. Give h(8).
6
Let c(t) = 346*t + 4494. What is c(-13)?
-4
Let w(b) = b**3 - 2*b**2 + 20*b - 76. Give w(5).
99
Let r(w) = 15*w + 70. What is r(-9)?
-65
Let w(r) = r**3 - 12*r**2 + 26*r - 45. Give w(10).
15
Let x(c) = -14*c - 434. Calculate x(-30).
-14
Let k(u) = 7682*u - 84499. What is k(11)?
3
Let h(v) = 39*v + 511. Determine h(-13).
4
Let l(o) = -89*o + 2782. Give l(30).
112
Let a(h) = -40*h + 204. Calculate a(5).
4
Let t(r) = -4*r + 213. What is t(19)?
137
Let y(n) = -11*n**2 + 116*n + 450. Give y(-3).
3
Let i(w) = 4*w. Calculate i(-24).
-96
Let f(d) = -63*d**3 - 41*d - 41. What is f(-1)?
63
Let i(m) = -m**2 - 629*m + 626. Give i(1).
-4
Let b(x) = 2*x**3 + 130*x**2 + 129*x + 70. Calculate b(-64).
6
Let s(c) = 6*c + 60. What is s(18)?
168
Let c(s) = 95*s + 2574. Determine c(-27).
9
Let h(g) = 19*g + 12. Determine h(17).
335
Let i(h) = -205*h - 24999. Give i(-122).
11
Let b(j) = 4*j - 27. What is b(14)?
29
Let z(o) = 2*o**2 + 24*o + 26. Determine z(-1).
4
Let b(f) = 2*f**2 - 24*f - 8. Determine b(12).
-8
Let n(b) = -b**3 + 59*b**2 - 3*b - 22. Calculate n(59).
-199
Let o(q) = -193*q**3 + 8*q**2 - 8*q. Determine o(1).
-193
Let x(o) = o**3 - 14*o**2 + 22*o - 88. What is x(13)?
29
Let c(s) = 4*s**3 - 11*s**2 - 305*s - 295. Determine c(-1).
-5
Let o(r) = r**3 - 69*r**2 + 685*r - 66. Give o(57).
-9
Let h(n) = -3*n**3 + n**2 + 22*n + 3. Give h(3).
-3
Let t(z) = 2*z**2 - 21*z + 3. Determine t(4).
-49
Let k(i) = 245*i - 10539. Determine k(43).
-4
Let x(f) = f**3 + 12*f**2 - 11*f + 8. What is x(-13)?
-18
Let y(s) = -39*s + 141. Calculate y(3).
24
Let i(h) = -h**2 - 2*h + 2177. Calculate i(-47).
62
Let i(p) = -7*p - 126. What is i(-18)?
0
Let d(s) = 3*s**2 + 2*s - 16. What is d(-4)?
24
Let w(p) = p**3 - 11*p**2 - 30*p + 98. Give w(11).
-232
Let v(d) = 24*d**2 - 100*d + 62. Give v(3).
-22
Let f(i) = -2*i**3 - 6*i**2 - 30*i. What is f(-3)?
90
Let l(y) = 4272*y + 25669. Give l(-6).
37
Let n(w) = w**2 - 113*w + 59. Give n(0).
59
Let f(v) = 104*v - 26. Determine f(-4).
-442
Let c(t) = -20*t - 417. What is c(-21)?
3
Let a(n) = n**2 - 66*n + 656. What is a(13)?
-33
Let w(n) = -n**3 - 23*n**2 + 223*n + 361. Calculate w(-30).
-29
Let x(v) = v**3 + 34*v**2 + 26*v - 186. Calculate x(-33).
45
Let z(f) = -f**3 + 64*f**2 + 271*f - 24. Determine z(68).
-92
Let w(c) = -c**3 + 75*c**2 + 98*c + 4314. Calculate w(77).
2
Let j(l) = -596*l + 5961. Determine j(10).
1
Let i(p) = -3*p**3 - 2*p**2 - 4*p + 8. Determine i(2).
-32
Let j(u) = -240*u + 41755. Calculate j(174).
-5
Let i(c) = c**3 - 12*c**2 + 35*c - 8. Determine i(3).
16
Let s(r) = 10*r**2 + 149*r - 11. Calculate s(-15).
4
Let p(r) = 3*r**3 - 63*r**2 + 22*r + 91. Determine p(20).
-669
Let u(k) = k**2 - k - 7. What is u(7)?
35
Let y(p) = 7*p**2 + 237*p + 218. Determine y(-33).
20
Let m(s) = -s**2 - 40*s + 263. Determine m(6).
-13
Let o(s) = 30*s + 29. What is o(-1)?
-1
Let t(h) = -2*h**2 - 92*h + 860. Give t(-54).
-4
Let h(t) = -78*t - 1683. Determine h(-23).
111
Let l(o) = 8*o - 1. Give l(7).
55
Let k(z) = -z**3 + 3*z**2 + 3*z + 7. Determine k(4).
3
Let q(f) = 3*f**2 - 102*f + 849. Calculate q(19).
-6
Let y(f) = -98*f**2 + 351*f - 353. Determine y(1).
-100
Let f(a) = 2*a**2 + 55*a + 248. What is f(-6)?
-10
Let f(k) = 4*k**2 - 162*k + 1193. Determine f(9).
59
Let c(s) = 2*s**2 + 526*s + 33484. Give c(-155).
4
Let u(q) = 31*q - 1778. Calculate u(61).
113
Let u(p) = -2*p**3 - 3*p**2 - 7*p - 97. What is u(-5)?
113
Let v(a) = 28*a + 356. Determine v(-9).
104
Let z(b) = -9*b**3 + 2*b**2 + 12*b - 14. Determine z(1).
-9
Let d(q) = 67*q + 125. Give d(-2).
-9
Let f(j) = -5*j + 180. What is f(25)?
55
Let m(p) = p**3 - 16*p**2 + 35*p - 40. Calculate m(15).
260
Let s(d) = -2727*d - 46368. What is s(-17)?
-9
Let p(a) = -a**2 + 4*a + 1593. What is p(-32)?
441
Let j(f) = f**2 - 25*f + 52. Give j(22).
-14
Let w(q) = -2*q**3 + 6*q**2 - q - 1. Give w(3).
-4
Let n(h) = 209*h + 40. Determine n(-1).
-169
Let v(h) = h**3 - 7*h**2 + 37*h - 89. What is v(4)?
11
Let v(b) = -2*b**2 - 86*b + 1169. What is v(11)?
-19
Let y(n) = 12*n**2 + 72*n - 83. Calculate y(-7).
1
Let h(y) = -2*y**2 - 122*y + 383. Calculate h(-66).
-277
Let f(a) = -2*a**3 + 5*a**2 - 10*a + 4. What is f(4)?
-84
Let m(r) = -49*r - 610. Give m(-5).
-365
Let c(u) = -41*u**2 + 404*u + 61. Calculate c(10).
1
Let q(c) = c**2 + 85*c - 642. Determine q(7).
2
Let w(a) = 5*a**2 + 629*a + 627. What is w(-1)?
3
Let k(y) = -y**3 + 5*y**2 + 20*y - 28. What is k(9)?
-172
Let o(u) = -5*u**2 + 25*u - 119. What is o(8)?
-239
Let w(c) = -9*c - 28. Calculate w(-16).
116
Let o(z) = 2*z**2 + 243*z + 1815. Calculate o(-8).
-1
Let g(f) = -32*f**2 - 230*f - 11. Give g(-7).
31
Let w(c) = -269*c - 1848. Give w(-7).
35
Let c(t) = -115*t + 123. Determine c(1).
8
Let z(l) = -187*l + 1170. Determine z(4).
422
Let i(l) = l**2 + 58*l + 328. Give i(-49).
-113
Let x(b) = 2*b**3 - 69*b**2 - 7*b - 957. Give x(35).
23
Let p(t) = t**3 - 89*t**2 + 174*t + 7. Give p(87).
7
Let h(z) = -z**3 + 21*z**2 + 100*z + 45. Determine h(25).
45
Let o(r) = -3*r**2 + 71*r + 681. Calculate o(-8).
-79
Let o(x) = -31*x**2 - 30*x + 2. Calculate o(2).
-182
Let x(t) = t**3 - 25*t**2 + 26*t - 47. Give x(24).
1
Let z(f) = -2*f**3 + 28*f**2 + 2*f - 20. Calculate z(14).
8
Let v(q) = q**3 + 36*q**2 + 288*q + 103. What is v(-11)?
-40
Let w(u) = 7*u**2 - 45*u + 81. Give w(7).
109
Let w(s) = 15*s**2 - 717*s - 22. What is w(47)?
-586
Let b(p) = 2*p**3 - 4*p**2 - 3*p + 4. Determine b(6).
274
Let d(r) = 4*r**2 - 234*r + 466. Give d(2).
14
Let u(q) = 19*q - 654. Calculate u(17).
-331
Let r(p) = -p**2 + 31*p - 241. Calculate r(13).
-7
Let o(j) = -j**3 + 12*j**2 - 23*j - 5. Calculate o(11).
-137
Let o(g) = g**3 - 44*g**2 + 2*g - 88. What is o(44)?
0
Let x(u) = -47*u - 726. Determine x(-16).
26
Let l(s) = 24*s**2 + 144*s + 196. Give l(-2).
4
Let p(a) = a**3 - 15*a**2 + 44*a + 53. Give p(10).
-7
Let x(o) = o**2 + 12*o - 310. Determine x(13).
15
Let j(p) = 26*p + 982. Determine j(-40).
-58
Let f(b) = -b**2 - 15*b - 99. Give f(-9).
-45
Let y(